b**2 - 13*b + 13. Let k be l(11). Let n be 4/(-18) - 29/k. Suppose 0 = n*o + 2*o - i - 210, 2*o - 4*i - 102 = 0. What are the prime factors of o?
41
Let j(u) be the second derivative of 5*u**3/6 - 2*u**2 - 8*u. Let m be j(4). Suppose -m = -2*p + 18. List the prime factors of p.
17
Let n(t) = 23*t**2 - 4*t - 1. What are the prime factors of n(3)?
2, 97
Suppose 2*q + 1 = -s + 103, 4*s - 3*q - 463 = 0. Let j = -48 + s. Let b = j + -31. List the prime factors of b.
3, 11
Let u = -639 + 1247. What are the prime factors of u?
2, 19
Let r(k) = -k**3 - 25*k**2 + 2*k - 23. List the prime factors of r(-26).
601
Let i = 291 + -563. Let v = 432 + i. What are the prime factors of v?
2, 5
Suppose 2*v - 27 = -5*f - 1, 0 = -3*f + 6. Let j = v - 8. Suppose j = p - 2*p + 4. What are the prime factors of p?
2
Let n = 28 + -12. What are the prime factors of -1*(n/4 - 47)?
43
Suppose -4*n + 8 = 0, -4*d + 2*n = -0*n + 44. Let p = d + 37. List the prime factors of p.
3
Let s(l) = l**3 - 4*l**2 - 7*l + 10. Let g be s(5). List the prime factors of -20*(0 + g + 45/(-12)).
3, 5
Let a(d) be the first derivative of -d**2 + 3*d - 14. List the prime factors of a(-8).
19
Suppose 9*r = 14039 + 9982. What are the prime factors of r?
17, 157
Let j = -134 + 128. List the prime factors of 255 + j/(-33) + 4/(-22).
3, 5, 17
Suppose o - 624 = 4*l, -15*l + 10*l = 0. What are the prime factors of o?
2, 3, 13
Let g(c) = 138*c**2 + 2*c + 1. List the prime factors of g(-1).
137
Suppose 1032 + 773 = 19*o. Let k = 4 + o. What are the prime factors of k?
3, 11
Let b be (-2)/8 + (-150)/(-24). Suppose 0*n - 2*n = -b. Suppose 0 = 2*o - 3*o + 2*m + 27, n*m = -12. What are the prime factors of o?
19
Let z(t) = 7*t**2 + 6*t - 10. Let v be z(2). List the prime factors of 91 + (1/(-2))/(15/v).
2, 3, 5
Let z(i) be the second derivative of 0 - 7*i - 1/6*i**3 + 1/2*i**4 - i**2. List the prime factors of z(-2).
2, 3
Suppose 0*m = 3*m + 4*g - 3553, -2367 = -2*m - g. What are the prime factors of m?
7, 13
Let b(h) = -h. Let u be b(-5). Suppose -o = -u*o + 516. List the prime factors of o.
3, 43
Let k = 2601 - 788. What are the prime factors of k?
7, 37
Let s = -22 - -34. Let o(a) = 0*a**2 + 0*a**2 + 3 + s*a - a**2 + 0*a. List the prime factors of o(9).
2, 3, 5
Let g = 1235 + -560. What are the prime factors of g?
3, 5
Let n(m) = 80*m**2 + 4*m - 18. List the prime factors of n(3).
2, 3, 7, 17
Let j = 80 - 76. Suppose -147 - 97 = -j*w. What are the prime factors of w?
61
Suppose -4*j + 3*w = -3*j - 335, 4*j = w + 1351. What are the prime factors of j?
2, 13
Let s(k) = 762*k**2 + 6*k + 9. What are the prime factors of s(-2)?
3, 5, 7, 29
Let j be ((-38)/(-6))/(1/9). Let k = 41 + -82. Let u = j + k. What are the prime factors of u?
2
Let r be (1 - 3/(-7)) + (-20)/(-35). List the prime factors of (((-41)/r)/(-1))/((-11)/(-66)).
3, 41
Let i = -8 - -8. Suppose i = 4*r + r - 5*x + 40, -24 = 3*r - 5*x. Let m = r - -29. List the prime factors of m.
3, 7
Let z(h) = -h**2 - 6*h + 7. Let x be z(-8). Let j = -6 - x. Suppose r - u = j*u + 34, -4*r - 4*u = -56. List the prime factors of r.
2, 3
Let j = 1823 - 782. What are the prime factors of j?
3, 347
What are the prime factors of -2 - -1 - 4*31932/(-48)?
2, 5, 7, 19
Suppose s - 4*s = -5250. What are the prime factors of s?
2, 5, 7
Let o(v) = 34*v**2 - 53*v - 57. List the prime factors of o(11).
2, 3, 193
Let y(g) = 5*g**2 + g - 3. Suppose -6 = -4*x - 2*j, -x = -j + 6*j + 12. What are the prime factors of y(x)?
3, 5
Let x = -184 + 577. List the prime factors of x.
3, 131
Let w = -22 - -15. What are the prime factors of (24/(-7))/(2/w)?
2, 3
List the prime factors of (192/(-336))/((-4)/5558).
2, 397
Let k = 49 - 49. List the prime factors of (3/(-6) - k)/(9/(-3996)).
2, 3, 37
Suppose 6 = -4*k + k. Let q be k/6*1*-219. Suppose 2*m = -5*p + 210, 2*p + 3*m = -0*p + q. What are the prime factors of p?
2, 11
Suppose 17183 = 20*r - 8797. What are the prime factors of r?
3, 433
Let z = 703 - 421. Suppose -4*s - 42 = -m, s = 5*m - s - z. What are the prime factors of m?
2, 29
Let d be (2 - 1)/(4/(-8)). Let x be (2 - -6)*d/(-4). Let u(k) = 4*k + 3. What are the prime factors of u(x)?
19
List the prime factors of ((-119)/(-28) + -4)*7244.
1811
Suppose 0 = -b + 2*b - 5*x + 21, 4 = x. Let k be 2 - b - 3/(-3). Suppose 0 = -i, 51 - 7 = k*l + i. What are the prime factors of l?
11
Let v be (1 - -1) + 1 + -1. Suppose 3*y + r - 256 = 0, y + v*r = 42 + 40. What are the prime factors of y?
2, 43
Let x = -12 + 4. List the prime factors of (-2)/8 + (-426)/x*1.
53
Suppose 5*c = -2*m + 3587, -3*m - 28*c + 5408 = -26*c. What are the prime factors of m?
2, 3, 7, 43
Suppose 34*r + 1246 = 36*r. List the prime factors of r.
7, 89
List the prime factors of 40/180 + (-1)/9*-31867.
3541
Let s(b) = b**3 + 4*b**2 + b + 7. Let h be s(-4). Suppose 6*p = p - 3*n + 1001, -3*p + 597 = h*n. List the prime factors of p.
2, 101
Suppose 5*g - 861 = 904. Suppose 3*c = 6*c - u - g, -4*u = -5*c + 593. What are the prime factors of c?
3, 13
Let r(y) = -40*y**2 + y - 1. Let z be r(1). Let m(t) = -t**2 - 15*t + 46. Let s be m(3). What are the prime factors of 10/z - 466/s?
2, 29
Let x(m) = 2*m - 8. Let p be x(7). Let v be 1/2*p/1. Suppose 0 = -5*h + v*l + 49, 0 = 3*h - 0*l + 3*l - 39. What are the prime factors of h?
11
Let c(h) = -h - 4. Let r be c(-8). Suppose -16 = -r*y, 0*y = -3*j + y - 1. Let u(v) = 12*v. What are the prime factors of u(j)?
2, 3
Suppose -f = 3, -3*f = 4*u - 7936 + 1333. List the prime factors of u.
3, 19, 29
Suppose -2*w = 2 + 2. Let b(u) = -5*u**3 - 4*u**2 - 7*u + 2. What are the prime factors of b(w)?
2, 5
What are the prime factors of (-10 + 6 - 1)*-17?
5, 17
Let o = 4 + 0. Suppose -208 = -o*t - 0*t. List the prime factors of t.
2, 13
Let n be (-5 + 2/1)*(0 + 5). Let a = 102 + n. What are the prime factors of a?
3, 29
Let u(z) = 2*z + 3*z - 5 - 7*z**3 - 3*z**2 + 5*z**3. List the prime factors of u(-4).
5, 11
Let c = 155 - 17. Suppose 462 - c = 4*u. What are the prime factors of u?
3
Let l(d) = d**2 - 3*d. Let r be l(5). Suppose 2*s = -0 - 4, 3*s = 5*y - 36. Suppose -5*j + y*m = 4*m - 41, 0 = -5*m + r. List the prime factors of j.
3
Let i(m) = 38*m + 554. List the prime factors of i(37).
2, 5, 7
Suppose 2*o = 2*f - 0*f + 116, 2*o = 4*f + 110. List the prime factors of (1 + o)*42/28.
3, 31
Let k(p) = -p - 6. Suppose -w - 1 = 5. Let s be k(w). Suppose y - 16 - 6 = s. List the prime factors of y.
2, 11
Suppose 3*l - 1341 = -156. Suppose -10*v = l - 1855. What are the prime factors of v?
2, 73
Let l = 718 - 502. What are the prime factors of l?
2, 3
Let o = 3433 + -1816. What are the prime factors of o?
3, 7, 11
Let s be 959/35 + 4/(-10). Suppose 50 = l + 2*p, -l + 23 = 4*p - s. What are the prime factors of l?
2, 5
Suppose 0 = q - j - 231, 2*j + j = q - 221. What are the prime factors of q?
2, 59
Let v = -1685 + 3327. List the prime factors of v.
2, 821
Let m(y) = -7*y. Let n(c) = -15*c - 1. Let o(l) = 5*m(l) - 3*n(l). Suppose -b + k + 1 = 0, -5 = -4*b - 3*k + 6. List the prime factors of o(b).
23
Suppose -6*o + 87*o = 277020. What are the prime factors of o?
2, 3, 5, 19
Suppose -3*l - 2 - 22 = 3*w, 14 = -3*l + 2*w. Let m(i) = i**3 + 2*i - 6*i**2 + 13*i**2 - 1 + 4. What are the prime factors of m(l)?
3
Let z(d) = -d**3 + d**2 - 3. Suppose 4*i = -5*i - 45. List the prime factors of z(i).
3, 7
Suppose -528 = h - 12*h. Suppose 5*u - s - 152 = h, -s = -4*u + 159. What are the prime factors of u?
41
Let o(l) = 9*l**2 + 20*l - 38. What are the prime factors of o(5)?
7, 41
Suppose u = 3*s - 1, -8 = 3*u - 3*s + 13. What are the prime factors of (-18)/(-45) + 2*(-188)/u?
2, 19
Let d(g) = -g**2 + 2*g + 1. Let x be d(-1). What are the prime factors of (-110)/(-2 + (2 - (-2)/x))?
2, 5, 11
Suppose -15*w = -4129 + 169. What are the prime factors of w?
2, 3, 11
List the prime factors of (-189)/(-15) + 2 - (-2)/5.
3, 5
Let y be ((-1)/(-1))/((-9)/(-45)). Suppose -p + y = -12. Let g = 4 + p. List the prime factors of g.
3, 7
Suppose -3*z - 8 = -20. Suppose -4*w + 240 = z*t, 5*w - 6*t + 5*t = 276. What are the prime factors of w?
2, 7
Let b = 4 + 13. Let w = -16 + b. Let m = w - -6. List the prime factors of m.
7
Suppose 0*c = -4*s + c + 259, c = 3*s - 193. List the prime factors of -1 + 2 + -19 + s.
2, 3
Let 